 n be f(-6). Let p = 30 - n. What are the prime factors of p?
2, 7
Let f(b) = -b**3 + 7*b**2 + 8. What are the prime factors of f(7)?
2
What are the prime factors of 5/(-30) - 4359/(-18)?
2, 11
Suppose 44 = 3*i - 79. List the prime factors of i.
41
Suppose 7*z = 6*z + 63. Suppose -z = -5*r + 2*r. What are the prime factors of r?
3, 7
Suppose -2*y + 52 = i, -320 = -5*i - y + 3*y. What are the prime factors of i?
2, 31
Let g be (1 - -2)*(-3 + 4). Suppose -2*l = g*d - 53 + 3, l - 74 = -5*d. List the prime factors of d.
2, 7
Let r = 0 + -2. What are the prime factors of 36/5 + r/10?
7
Suppose 2*a - 470 = -2*v, -5*v + 15*a + 1175 = 14*a. List the prime factors of v.
5, 47
Suppose 5*o - 145 + 45 = 0. List the prime factors of o.
2, 5
Suppose -5*l - 2*p = -33, 4*l - 19 = l - 2*p. Let k(r) = -10*r - 4. Let h be k(-4). Suppose l*w = 3*w + h. What are the prime factors of w?
3
Suppose -3*c + 3*q + 15 = 0, -2 = q + 3. Let p = -19 - -22. Let u = p - c. What are the prime factors of u?
3
Suppose -5*i = -4*i. Suppose 2*v + 5*z + 21 = 56, i = -4*v - z + 61. What are the prime factors of v?
3, 5
What are the prime factors of 1/1*(24 + -7)?
17
Let d(p) = -3 + 5*p - 4*p + p - 1. What are the prime factors of d(7)?
2, 5
Suppose 0 = -5*s + 2*m + 18, 2 = -3*s - 5*m + 19. Suppose i = s*i - 21. What are the prime factors of i?
7
Suppose 0*x - 5*x + 2*g = -5, 4*x + 2*g - 4 = 0. Let r be -3 + x + 2 + 3. Suppose 45 = 4*u + 4*s + 1, -49 = -5*u - r*s. List the prime factors of u.
2
Let h = 5 + -7. List the prime factors of 6 - (-3 - -4 - h).
3
Let m(q) = q**3 + q - 6. Let x be m(0). Let f = x + -15. What are the prime factors of 24/14 + (-6)/f?
2
Suppose 10*f + 434 = 17*f. List the prime factors of f.
2, 31
Let v(b) = b**2 + 8*b + 9. Let h(r) = r**2 - 8*r - 8. Let n be h(8). List the prime factors of v(n).
3
Let r be ((-18)/15)/((-8)/140). Suppose 24*s = r*s + 147. List the prime factors of s.
7
Suppose 5*q = -0*q + 30. Let n = q - 1. What are the prime factors of n?
5
Let b(t) = -t**2 - 3*t + 3. Suppose -4*c - 2 = w - 6*c, -5*w - 5*c + 20 = 0. Suppose 24 = -w*i - 2*i - 3*q, 0 = 4*i - 5*q - 8. List the prime factors of b(i).
3
Suppose 2*s = 4*h - 0*s + 22, 4*h + s + 19 = 0. Suppose -2*w - 2*r = -r + 3, 0 = 5*w + 2*r + 8. Let d = w - h. What are the prime factors of d?
3
Let i be (-13)/((-10)/8 + 1). Let p(u) = 4*u + 24. Let j be p(-15). Let v = j + i. What are the prime factors of v?
2
What are the prime factors of ((-1 + 3)*-8)/(2/(-11))?
2, 11
Suppose -349 = -2*t - 3*w, 3*t - 526 = w - 5*w. List the prime factors of t.
2, 7, 13
Let u(a) = a**2 + a + 4. Let g be u(-4). Let p = g + -4. What are the prime factors of p?
2, 3
What are the prime factors of (2/3)/((-19)/(-5757))?
2, 101
Suppose -15 = -3*f - 2*v + 45, -20 = -f - 3*v. List the prime factors of f.
2, 5
Suppose 3*a + 62 + 239 = 2*m, 3 = -a. What are the prime factors of m?
2, 73
Let s be 0 + 5/((-10)/(-216)). List the prime factors of (-2)/(-1 - s/(-116)).
29
Let p(x) = x**2 + 8*x - 10. Let u be p(-8). Let l = 9 + u. List the prime factors of 0 + (6/3 - l).
3
Suppose -3*g = -g - 12. Let h = 11 - g. Suppose 0 = 4*a - 2*m - 36, 2*a = 7*a + h*m - 30. List the prime factors of a.
2
Let l = 10 - 8. Let g(v) = 4*v**3 - 6*v**2 + 13*v - 1. Let s(a) = -2*a**3 + 3*a**2 - 7*a. Let q(t) = 3*g(t) + 5*s(t). List the prime factors of q(l).
3
List the prime factors of (-7)/((-14)/8) - (-227 + 3).
2, 3, 19
Let b = 56 + 12. What are the prime factors of b?
2, 17
Let w(p) = -2*p + 5. Let c be w(4). Suppose -2*f - 3*j + 11 = 0, 2*f + 6*j = 4*j + 8. List the prime factors of f/(10/(-4) - c).
2
Suppose -5*d - 40 = -5*q, 10*d + 13 = 2*q + 7*d. What are the prime factors of q?
11
Let i(d) = 3*d + 15. Let n be i(10). List the prime factors of 1245/n - 1/(-3).
2, 7
Suppose 3*w + 20 = 8*w. Suppose -40 = -w*p - m, -p + 3*m + 56 = 3*p. What are the prime factors of p?
11
Let g be -1 - -1 - (-12 + 35). What are the prime factors of (-5)/(10/g)*2?
23
Let y(u) = 2*u + 2. Let q(p) be the first derivative of p**4/4 - 7*p**3/3 - 7*p**2/2 - 4*p + 3. Let d be q(8). What are the prime factors of y(d)?
2, 5
Suppose 1 = -n + 7. Suppose 4*i + 4 + 8 = 0. Let d = n + i. What are the prime factors of d?
3
List the prime factors of (-30)/4*(-408)/85.
2, 3
Let q(v) = -v**3 - v**2 + v + 1. Let f(n) = -2*n**3 - 5*n**2 + 6*n + 7. Let z(w) = -f(w) + q(w). What are the prime factors of z(-4)?
2, 7
Suppose 2*m - 4*m + y = -268, y + 538 = 4*m. Suppose 3*d + m = 3*v, -2*v - 5*d = -59 - 24. List the prime factors of v.
2, 11
Let z(f) = 34*f**2 + f - 2. Let c be z(-2). Suppose 6*l + c = 4*i + 2*l, 0 = -2*i - l + 57. List the prime factors of i.
2, 3, 5
Let x(l) = -2*l. Let b be x(4). Let y(s) = -2*s + 1. List the prime factors of y(b).
17
Suppose r = 5*r - 2*n - 224, 0 = 5*r + 2*n - 271. Suppose 0*b - 5*b = -r. What are the prime factors of b?
11
Let u = 3 + -1. Suppose -2*j + 6*j - s = 94, -116 = -5*j + u*s. List the prime factors of j.
2, 3
Let p be (-2 + 0)/(12/(-18)). Suppose p*w - 122 = 85. Suppose 3*x + 51 = 3*y, -y = 4*y + 3*x - w. List the prime factors of y.
3, 5
Let o = 71 - 29. What are the prime factors of o?
2, 3, 7
Let n = 0 - 0. Let q = n - -7. Suppose 3*c - q*c = 5*v - 87, 4*c - 72 = -4*v. What are the prime factors of v?
3, 5
Let z = -20 + 30. Suppose -h = h - z. Suppose 29 = h*f - 1. List the prime factors of f.
2, 3
Let r be (-2 - -2)/(-1 - 0). Suppose r*z = z - 6. What are the prime factors of z?
2, 3
Let p(j) = -4*j + 1. Let k be p(-2). Suppose -4*y - 29 = -3*o, o = y + k + 2. What are the prime factors of o?
3, 5
Let l(d) be the third derivative of 1/24*d**4 + 1/6*d**3 + 0*d + 0 + d**2. List the prime factors of l(7).
2
Let x(b) = -14*b**2 + 24*b. Let q(c) = 5*c**2 - 8*c. Let n(t) = -11*q(t) - 4*x(t). What are the prime factors of n(10)?
2, 5
Let j be 2/4*(6 + -6). Suppose 3*r + 2*r = j. List the prime factors of 8 + (2 - (0 - r)).
2, 5
Suppose 2*h + 1 = -g - 0, -2 = h. Suppose -3*b + 4*b - 11 = -g*k, -b + 3*k = 7. Suppose -4*y + 0*q + 19 = -q, q = b*y - 11. List the prime factors of y.
2
Let f be -2*2*15/(-12). Suppose -16 = -3*x + f*i + 19, 0 = 3*x + 2*i - 7. Suppose -x*h = -0 + 20, -5*h = -p + 25. List the prime factors of p.
5
Suppose -2*z + 3*z = 36. List the prime factors of z.
2, 3
Let x = -13 - -13. Suppose x = -g + 3*g - 2*v - 26, 0 = -3*g - 5*v + 63. What are the prime factors of g?
2
Suppose -5*m + 255 = -2*f, 3*m + 27 = 2*f + 180. List the prime factors of m.
3, 17
List the prime factors of 1/(-3 - (-70)/23).
23
Suppose y - 3*u - 8 = 0, -2*y + 3*u - 4*u + 16 = 0. List the prime factors of y.
2
What are the prime factors of ((-96)/15)/(2/(-20))?
2
What are the prime factors of (-1148)/(-22) + (-8)/44?
2, 13
Let k = 114 + -59. What are the prime factors of k?
5, 11
Let q(l) = -7*l + 5. List the prime factors of q(-8).
61
Let g(c) = c + 1. Let z be g(2). Suppose -z*v + 5*h - 2*h = -57, 0 = 4*v + 5*h - 31. What are the prime factors of v?
2, 7
Suppose -h = -0*h - 3. Let q = h + 1. List the prime factors of (-86)/(-8) - (-1)/q.
11
Suppose -2*y = -5*y + 3*i + 108, 3*i = 3. List the prime factors of y.
37
Let i = 21 - 1. List the prime factors of i.
2, 5
Let s = -39 + 55. What are the prime factors of s?
2
Let q = 55 + -9. List the prime factors of q.
2, 23
What are the prime factors of 2/7 + 468/28?
17
Suppose -2*j + r + 169 = 0, -4*r - 155 - 263 = -5*j. What are the prime factors of j?
2, 43
Let w(z) = 2*z - 5. List the prime factors of w(7).
3
Let l be (-21)/(-4) - (-1)/(-4). Let t(s) be the first derivative of -s**3/3 + 7*s**2/2 + s + 4. What are the prime factors of t(l)?
11
List the prime factors of -2*2 + 63 + -5.
2, 3
Suppose 4*m - 4*t = 22 + 6, -31 = -3*m + 5*t. Let v be 2/1*(-1)/2. List the prime factors of v + 2 + m/2.
2
Suppose 0 = s - z - 2, -5*s + 2*z + 2 = 7. Let y be (-3 - 0)*20/s. Suppose -2*r - 3*i = -30, -3*r = -2*r - i - y. What are the prime factors of r?
2, 3
Let r = -16 - -16. Suppose r = -w + 2*w - 32. List the prime factors of w.
2
Suppose 0 = 2*g - 3*z - 7, g + z - 5 = -2*g. Suppose -68 = -2*p + g*q, -2*p + q + 67 - 2 = 0. List the prime factors of p.
31
Let i(j) = j**2 - j + 7. List the prime factors of i(-5).
37
Let b(t) = 6*t - 5. Let s(o) = -17*o + 14. Let h(m) = -11*b(m) - 4*s(m). Suppose -5 = -2*j + 3*q, 